13 - -7) + (12 - 1)?
15
What is the value of -21 + 3 + 5 + 1 + -7 + 5?
-14
14 + 9 + -14 + 2
11
Calculate (-7 - ((6 - 5) + -7)) + (1 - 11).
-11
What is 14 - (-15 + 17 + 6)?
6
What is the value of -1 - -6 - (15 + -18 - -3)?
5
-3 + 5 - (0 + -4) - (-22 + 23)
5
Calculate -6 - (2 + -6 - (-96 + 100)).
2
Evaluate 440 - 434 - (1 + 11).
-6
What is the value of -10 - (-24 - -31 - (1 + 6))?
-10
Evaluate 7 + 1 + 44 + 9 + -64.
-3
Evaluate (21 - (-17 - -45)) + 9 + -3.
-1
(4 - -3) + 2 + -10 + 1
0
Evaluate (13 - (3 - -1 - 3)) + -2.
10
What is the value of -13 + 9 + 3 - -11 - 25?
-15
Evaluate (-20 - (-50 - -21)) + (-17 - 0).
-8
What is the value of (1 - 18) + (-7 - -17 - 4) + -5?
-16
23 + -3 + -3 + 1
18
-183 - -175 - (-10 - -1)
1
11 + 15 + -36 + -12
-22
Evaluate (-13 - 1) + (21 - 14).
-7
Calculate -20 - (-35 - (-27 - -19)).
7
Calculate -1 + 8 + -4 - (97 - 110).
16
Evaluate 117 - 111 - (1 + 13) - (-1 - -3).
-10
Evaluate 22 + (-73 - -12) + (15 - -1).
-23
Evaluate -25 + 7 + 1 - -13.
-4
Evaluate 24 + -3 - ((-3 - -1) + 8).
15
Evaluate -1 + 0 + 6 + (-2 + 1 - -13).
17
-13 + 55 + 7 + -19 + -3
27
What is the value of (1 - 26) + 2 - (-6 - (-10 + 3))?
-24
Evaluate -42 + 73 - (-8 - -62).
-23
What is 10 + (-5 - 10) + 9?
4
Evaluate (-10 - (-15 + 50)) + 12.
-33
What is the value of -19 + (-43 - -57) + -1 + 32?
26
What is the value of (29 - (17 + -35)) + -36?
11
-24 + (51 - 32) + 15
10
Evaluate 11 + (3 - (7 - (-5 - -1))).
3
What is -28 - (-2 + 10 + -15) - -3?
-18
Evaluate -18 - (8 - 34) - -7.
15
13 + -12 + -5 + 4 + (-1 - 1)
-2
Evaluate 4 - (1 + 9 + -3 + (14 - 23)).
6
What is the value of -2 - (-3 - (-23 - -9))?
-13
Evaluate 8 - (122 + -137 - (1 - -4)).
28
What is 1 + -12 + 1132 + -1147?
-26
Calculate 26 + -37 - (4 + -2 + -2).
-11
What is the value of (9 - 1) + (213 - 212)?
9
Calculate 4 + (-4 - -2) + -6 + -2 + 8.
2
Calculate -1 - (-19 + 12 + 11).
-5
Calculate 0 + (-6 - -2) - (-5 + 11).
-10
(9 - 9 - -7) + 0
7
-11 - (0 - 13 - 10) - -8
20
Evaluate 20 + -31 + -14 - -24.
-1
What is the value of -29 + (33 - -5) + 17?
26
What is -20 - -16 - (2 + (-9 + 4 - 0))?
-1
What is the value of -39 - -24 - -8 - (-1 + 10)?
-16
-1 - (-10 - 5) - (-11 + 42)
-17
Evaluate (5 + -4 - 16) + 18 + -5 + -14.
-16
What is the value of (-5 - (-25 - -3)) + -1?
16
What is the value of -6 + -1 + (-9 + -6 - -30)?
8
What is -5 - (-5 + (-8 - (-1 + -24)) + -9)?
-8
What is 34 + (47 + -13 - 52)?
16
What is the value of (-4 - (1 - 4)) + (288 - 275)?
12
0 + -1 + 15 + -10
4
Calculate 11 + 6 + -24 + (-1 - 2).
-10
-14 + 4 + 15 - 1 - -10
14
((-5 - -9) + -2 - (-6 - -1)) + -5
2
What is -21 - -13 - ((7 - 3) + -2 - 3)?
-7
Calculate (-11 - 3) + (-10 + 12 - -4).
-8
What is -4 - ((3 - 0) + 3 - (4 + -1))?
-7
Evaluate 15 + (5 - 5) - 21.
-6
What is -40 + (-33 - -92 - 29)?
-10
Evaluate 3 + (-100 - -79) + 0 + 2 - -7.
-9
-5 + -9 + (27 - 5) + -31
-23
What is -5 - (8 + -1 - (13 + -17 + 10))?
-6
(3 - 1 - -3) + (-203 - -205)
7
17 + -17 + 23 - 0
23
What is the value of 1 - 17 - -1 - (-257 + 250)?
-8
Evaluate -237 + 228 - (10 - (-2 + (-4 - -3))).
-22
Evaluate (34 - 41) + 3 + -2 - 3.
-9
What is the value of 140 + -138 - (4 - 18)?
16
Evaluate 7 + (10 - 10 - (3 + 12)) + -1.
-9
Evaluate -135 + 131 + 2 + -8.
-10
6 - 9 - -13 - (62 + -56)
4
What is (3 - 1 - 10) + (-63 - -75)?
4
What is -16 + 11 - (0 + (-6 - 9) - -5)?
5
What is the value of 1 - (18 + -10 - 0)?
-7
What is the value of 46 - 40 - (0 - (-10 + 4))?
0
Calculate (3 + -14 - (7 + -12 - 6)) + -17.
-17
What is the value of (2 - -1) + 0 + 0 + (9 - 14)?
-2
Evaluate -2 + 2 + 1 - (16 + -12 + -2).
-1
What is the value of 16 + 0 + -23 - 1?
-8
What is (-61 - (-197 + 135)) + -1 + 1 + -35?
-34
Evaluate 5 + (-9 - -8 - -3) - 8.
-1
Calculate 2 - (-6 - (11 - (8 - 2))).
13
What is -6 + (9 + -2 - 11) + 0 + 2?
-8
What is the value of 208 + -215 + (0 - 0)?
-7
(325 - 321) + 8 + 0
12
What is the value of 25 + -38 + (17 - -3)?
7
Evaluate (13 - (-11 - -17)) + -1.
6
Calculate 7 + 6 + -1 + -1.
11
What is -18 + 29 - 12 - -2?
1
Evaluate (1 - (13 + -17)) + -1.
4
Evaluate 10 + -1 + 1 + (7 - 14).
3
What is -5 - -5 - (1 + -10)?
9
Calculate 15 + (-47 - -21) + 18.
7
-22 + (-4 - 1) + 15 + -2 + -4
-18
(11 - -8 - 9) + -4 + -2 + 15
19
Calculate 4 - (0 + -8 - (33 - 45 - -18)).
18
5 - (-16 + -11 + 28)
4
What is -13 + 30 + 19 + -38 - (-20 - -1)?
17
What is the value of (2 - 11) + (2 - (-4 + -9) - 5)?
1
Calculate -17 + 22 + 3 + -25.
-17
Calculate 2 + (-3 - -1) + 4 + -14 + 5.
-5
What is the value of -2 + 0 + (-1 - 0) + -262 + 259?
-6
Calculate (1 + -5 - (-1 + (-1 - 2))) + -10.
-10
Evaluate -5 + 7 + -13 + 11.
0
What is -15 + (24 - 0 - 1)?
8
What is the value of (4 - 1) + (-40 - -44) + 5 + -10?
2
Evaluate 2 + (4 - 10) + 137 + -106.
27
Evaluate (-2 - -8 - (13 - 8)) + 2 + -10.
-7
(2 - 2 - 4 - 0) + (145 - 141)
0
-1 + 3 + -4 + 4 - -2
4
What is the value of -18 - (-47 - (-8 + -5))?
16
Evaluate (3 + -3 - -5) + (-54 - -22) - 4.
-31
What is the value of -6 + 2 - (-80 + 77)?
-1
What is the value of 15 - ((0 - (5 + -8 + 8)) + 12)?
8
Calculate 2 + -33 + (40 - 28) + 3.
-16
0 - (32 + -20 - (1 + 0 - 0))
-11
What is the value of 323 + -330 - (-1 + -20)?
14
Evaluate 4 - 6 - (14 + -18).
2
What is (-2 - 16) + -8 + 10?
-16
Calculate (11 - 25) + 11 - (-15 + 3 + -4).
13
What is -1 + 6 + 3 - (28 - (2 - -8))?
-10
What is (-14 - 4) + 18 - 17?
-17
What is 34 - (19 + (-14 - 0) - -5)?
24
Calculate (18 - (3 + 13)) + 0 + 10 + 2.
14
What is the value of -7 - (-6 - 0 - (12 + -24 - -25))?
12
Calculate (5 + 9 + -15 + 7 - 0) + 3.
9
What is -2 - (42 - (31 + -4))?
-17
-8 - (7 - -1 - 8 - 37)
29
Calculate 294 - 313 - (-2 + (0 - 0)).
-17
(8 + 10 - 13 - -6) + -10
1
Calculate 8 + (6 - -3 - -2) + -20.
-1
What is (-48 - -53) + -4 + 1 - 6?
-4
Evaluate -14 + -9 + (11 - 3 - -1).
-14
144 - 146 - (16 + 1)
-19
What is the value of 7 + (-1 - 1) + -155 + 142?
-8
What is the value of (-31 - (0 + 6)) + (-15 - (-10 + -16))?
-26
Evaluate 2 - (13 + 17 + -11).
-17
-16 + 8 + (17 - (0 + 6))
3
-11 + 2 + 87 + -63
15
What is -110 + 113 + 23 + 1?
27
What is the value of (2 - 2) + (-5 - (-9 - -4 - 4))?
4
What is the value of -12 + (5 - -12) + -16?
-11
Calculate -6 + 3 - (6 - 4).
-5
Calculate -9 + (-19 - 2) + (13 - (-23 + 32)).
-26
Calculate (-2 + 10 - 16) + 7 + (0 - -11).
10
-2 + 23 - (-2 - (-3 - 15 - -8))
13
(-41 + 34 - (-12 + 1)) + (-2 - 4)
-2
Evaluate -11 + (3 - 2) - (124 + -129).
-5
Calculate -28 + 8 - (1 - 4 - -2).
-19
Evaluate (-10 - 1) + (-22 - (8 - 31)).
-10
What is (0 - -9 - (-17 + 12)) + 3 + 1?
18
15 + -10 - -2 - 16
-9
(0 - 10 - (-5 - (-13 + 33))) + -4
11
(-23 - -7 - -20) + -11 + -1
-8
Evaluate -26 - (-41 - (28 - 22)).
21
Evaluate 34 + (12 - 23 - -4) + -14.
13
What is (-3 - 1) + 0 + (12 - (-6 + -2))?
16
Evaluate (645 - 648) + 0 + -13.
-16
26 + -68 + 41 + -3
-4
Evaluate 8 - (22 + -34 - -18 - (14 + 1)).
17
What is -4 - 12 - -13 - (3 - 4 - 4)?
2
What is the value of (-3 - ((9 - 5) + -16)) + -1 + -5?
3
-7 + 8 + (7 - 5) - (8 - 14)
9
What is (17 - 4 - -6) + -12?
7
Calculate (79 - 79) + 0 + -1.
-1
Evaluate 1 - 6 - (4 + -4 + 14 + 1).
-20
5 + (0 - 4) + 32 + -23
10
7 + (2 + (2 - -2) - 6) + 5
12
What is the value of (-1 - -2) + -7 - (-403 + 395)?
2
Calculate -22 + (-17 - -1) + 32.
-6
What is the value of 21 + 6 + -25 - 6?
-4
4 - (33 + -19 + -24)
14
Calculate -586 + 601 - (-4 + -1).
20
What is 20 - 0 - (-14 - -23 - (4 + 8))?
23
Calculate -13 + 21 + -5 + 11 + 2.
16
Calculate 24 + (-33 - -12) + -4.
-1
What is 3 + -7 + -30 + 22?
-12
Evaluate 3 + (-6 + (-5 - -13) - 23).
-18
-12 - (-6 + 9 + -2 - 2) - 8
-19
Calculate 10 + 5 + -11 + 11.
15
Evaluate 3 + (1 - -4) - (10 + 3) - -21.
16
What is the value of -5 - (-2 - (16 - 4 - 7))?
2
7 - ((-4 - -5 - (-25 - -30)) + 15)
-4
What is 7 + (10 - (16 - -8)) - -13?
6
What is -2 - (50 - 42) - (5 + 1)?
-16
What is (-843 - -833) + (0 - -4 - -1)?
-5
Evaluate -20 - (-28 + 33 + -49).
24
Calculate (20 - 20) + -2 - (-15 - (3 + 0)).
16
5 - ((-2 - -8) + -7 - 2) - 30
-22
What is 4 + 0 - (53 + -69 + 4)?
16
Evaluate 13 + (11 + -10 + 7 + -6 - -3).
18
Calculate 4 - (-6 + -1 + 20).
-9
What is the value of 5 + -24 - (-4 - 0 - (21 - 22))?
-16
What is 189 + -223 + (25 - -1)?
-8
What is the value of (9 - -1) + -7 - 1 - (-1 - -2)?
1
Evaluate -277 + 290 - (18 + 1).
-6
Evaluate 6 + (0 - (3 + -10) - -5 - -10).
28
What is the value of 15 + -38 + 0 + 13?
-10
What is -35 - (-14 - (24 + -1))?